/9 - k/6?
3, 5
Suppose t + 3*c = -3*t + 237, -64 = -t + 4*c. Suppose 8*b = 3*b + t. What are the prime factors of b?
2, 3
Let k = -23 + 29. What are the prime factors of k?
2, 3
List the prime factors of (-8)/(-20) - 313/(-5).
3, 7
Suppose -3*z - 10 = -8*z. Suppose w + z*w = 27. What are the prime factors of w?
3
Let m(t) = -40*t**2 - 9*t + 5. Let y(w) = -20*w**2 - 5*w + 3. Let p(x) = -4*m(x) + 7*y(x). What are the prime factors of p(-1)?
2, 5
List the prime factors of -24*(1 + (-69)/12).
2, 3, 19
Let c = 9 - 4. Let z(y) = y**2 - 5*y - 1. Let x be z(9). Suppose -28 = -3*i - a, -c*i - a = -x - 9. List the prime factors of i.
2
Suppose -9*n + 55 = -4*n. Let f = n - 5. List the prime factors of f.
2, 3
Let w(u) = u**2 - 6*u + 6. Let k be w(6). Suppose -b - 3*s = -8, -4*s = b + s - k. List the prime factors of b.
11
Let r = 1 - 1. Suppose -3*s = -r*s - 51. What are the prime factors of s?
17
Suppose 6*k - k - 3*s - 716 = 0, -s + 148 = k. Let q = -78 + k. Suppose q = 3*h + 25. List the prime factors of h.
2, 7
Let d(i) = 17*i + 30. List the prime factors of d(16).
2, 151
Let w = 2 + -3. Let v be (3 + 0)*(-1)/w. Suppose -4*u - 56 + 0 = -v*o, -5*u = 4*o - 54. What are the prime factors of o?
2
Let m = -9 + 9. Suppose 5*c - 7*c + 48 = m. What are the prime factors of c?
2, 3
Suppose 0 = 5*c + 3 + 7. Let q be 14 + ((-4)/2 - c). What are the prime factors of (1/1)/(1/q)?
2, 7
Let g = -38 + -6. Let b(x) = -x**2 + 8*x - 3. Let j be b(10). Let q = j - g. List the prime factors of q.
3, 7
Let i = -5 - -7. Let s(f) = -2*f - f**2 - 2*f**3 - f**3 + 3*f**3 + 2*f**3. List the prime factors of s(i).
2
What are the prime factors of (28/5)/(10/150)?
2, 3, 7
Suppose 2*x + b + 2 = 3*b, 3*x - 4*b + 8 = 0. Suppose s + 3*s + 104 = x*d, d = 3*s + 36. What are the prime factors of d?
3, 7
Let n(l) = -l**2 + l - 1. Let p be n(0). Let d = 26 + p. What are the prime factors of d?
5
Let t = 20 + 217. What are the prime factors of t?
3, 79
Let r(b) = b**2 - 2*b + 12. What are the prime factors of r(6)?
2, 3
Let c(w) = 6*w. Let l be c(1). Suppose -4*m + l*m = 18. List the prime factors of m.
3
Suppose -2*s = -55 + 23. Suppose v + s = -3*v. Let x(l) = -l**2 - 7*l - 6. List the prime factors of x(v).
2, 3
Let z be 2/(-3) - 964/(-6). Let x = z - 79. List the prime factors of x/12 + 1/4.
7
Suppose 4*y = 2*p + 22, 0*y - 2*y + 3*p = -17. Suppose y = -m - 8. Let z = -1 - m. What are the prime factors of z?
11
Suppose -z + 4 + 1 = 0. Suppose -5*h + 24 + 71 = -o, -z*h = -4*o - 95. What are the prime factors of h?
19
Let t = 1 - 5. Let l(m) = 2*m**3 + 21*m**2 - m - 19. Let a(i) = i**3 + 10*i**2 - 9. Let z(y) = 9*a(y) - 4*l(y). What are the prime factors of z(t)?
11
Let u = 5 + -4. Let n(c) = c**3 + c**2 - 1. Let l be n(u). What are the prime factors of 3 - -2 - (0 - l)?
2, 3
Let l(w) = w**2 - 3*w - 2. Let j be l(3). Let z = j - -7. List the prime factors of z.
5
Suppose 4*w + 3 = -3*a - 11, -2*w = 3*a + 4. Suppose -5*c - 30 = -2*l, -2*l - 44 = 3*c + a*l. Let s = -4 - c. What are the prime factors of s?
2
Let n(y) = 6*y**2 + 2*y + 1. Let g be n(-2). Suppose 4*j = -2*j. Suppose j = 2*m - g - 5. List the prime factors of m.
13
Let q = 38 - 20. What are the prime factors of q?
2, 3
Let y(u) = 4*u + 11. Let x(t) = t + 1. Let w(c) = -5*x(c) + y(c). What are the prime factors of w(0)?
2, 3
Suppose -x = -3*x + 48. Let m = -15 + x. List the prime factors of m.
3
Let d be 52/(-10)*(5 + 0). Let w = d - -45. List the prime factors of w.
19
Let y = 9 - 7. Suppose 0 = -4*k + 2 + y. What are the prime factors of k/((9/39)/3)?
13
Suppose 11 = v + 5. Suppose v*y - 2*y - 8 = 0. What are the prime factors of y?
2
Let w(d) = -3 + 10*d + 2 - 32*d. Let t be w(-1). Suppose -3*v + 3*g = -t, v - 5*g = -2*v + 29. What are the prime factors of v?
3
Let s = 360 - 211. What are the prime factors of s?
149
Let d(s) = -2*s**3 - 12*s**2 + 11*s + 3. Let v(r) = -3*r**3 - 24*r**2 + 22*r + 7. Let u(l) = -5*d(l) + 3*v(l). List the prime factors of u(11).
2, 3
Let v(m) = -3*m**2 - 3*m + 2. Let h(u) = 7*u**2 + 5*u - 3. Let r(o) = -4*h(o) - 9*v(o). Let p be 10/3 + 4/6. List the prime factors of r(p).
2, 3
What are the prime factors of (-2)/20 + 17182/220?
2, 3, 13
Let p = -1 - 0. Let u(t) = -t**3 - t**2. Let g(n) = -12*n**3 - n**2 + 2*n + 1. Let c(s) = g(s) - 2*u(s). What are the prime factors of c(p)?
2, 5
Let z be (2/(-2) - -3) + -3. List the prime factors of z*2/2*-2.
2
Let m(v) = v**2 + 7*v - 5. Let k be m(-8). Let x be -1 - (k - (-2 - -2)). Let b = x + 19. What are the prime factors of b?
3, 5
Let n = -17 + 44. Suppose p - 45 = -4*u, 4*u + 5*p + n = 5*u. What are the prime factors of u?
2, 3
Suppose -455 = 8*s - 3*s. Let j(b) = -b + 11. Let m be j(12). List the prime factors of s/(-5) + m/5.
2, 3
Let c = -196 - -103. Let z = -57 - c. What are the prime factors of z?
2, 3
Let y(m) be the first derivative of 13*m**3/3 - m**2/2 - m + 1. List the prime factors of y(-1).
13
What are the prime factors of (-9)/((-3)/(-1)) + 7?
2
Suppose b = y - 4, 2*y + 3 - 21 = 4*b. Let k be (y + -2)*-11 - 2. Suppose -5*m = 5*g - 40, 3*m - k = -0*g - 4*g. List the prime factors of g.
7
Suppose 0*l = -5*l + 30. Let i = -9 + l. List the prime factors of (-20)/(-3) + 2/i.
2, 3
Let g(k) be the second derivative of k**3/2 + k**2 - 5*k. Let r(l) = l**3 + l + 2. Let o be r(0). List the prime factors of g(o).
2
Let z be ((-3)/4)/(1 - (-46)/(-48)). Suppose 4*m - 48 - 88 = 0. Let h = m + z. List the prime factors of h.
2
Let g(t) = 2*t. Let d be g(11). Suppose -2*f = -4*j + 2, 2 = -3*j + 2*j - 2*f. Suppose j*u + 4*u - d = -2*l, 80 = 4*l - 4*u. List the prime factors of l.
17
Suppose 6*y - 2*y = 20. Suppose 3*u + y*b - 16 = 0, u + 4 = -3*b - b. List the prime factors of u.
2, 3
Let z(p) = p**2 + 5*p + 3. Let t(b) = -b**2 - 8*b + 1. Let k be t(-4). Suppose -g - k = 3*c, 5*g + 11 = 5*c + 46. List the prime factors of z(c).
3
Suppose 5*t = 3*t + 44. Let l = 7 - -7. Suppose 3*z - 5*k - t = 0, -z + l = -4*k - k. List the prime factors of z.
2
Let z(o) = o**2 - 3. Let g be (2/4)/((-6)/(-72)). Suppose -15 = -m + g*m. What are the prime factors of z(m)?
2, 3
Suppose 3*t - 4*y - y = 210, -4*y = 5*t - 387. List the prime factors of t.
3, 5
Let v = -4 - -5. List the prime factors of (6/v)/((-2)/(-4)).
2, 3
Suppose 8 = -4*k + 28, 0 = -m + 3*k - 17. What are the prime factors of (m + 9)/(2/8)?
2, 7
Suppose 0 = -h + 3*c + 43, -h - 8*c + 48 = -12*c. List the prime factors of h.
2, 7
Let f(p) = 375*p**2 + 3*p. What are the prime factors of f(-1)?
2, 3, 31
Let h(a) = a - 1. Let g be ((3 + -4)*13)/(-1). List the prime factors of h(g).
2, 3
What are the prime factors of 85 + (-1 + (-3)/3 - -5)?
2, 11
Suppose 12 = -t + 4*l, 2*l = 4*t + 6 + 70. Let r be 1/5 + 24/t. What are the prime factors of 1*15 - (r + 3)?
13
List the prime factors of 1464/27 - -6 - 4/18.
2, 3, 5
Suppose -3*d - 64 - 20 = -2*a, -a + 28 = 2*d. Suppose 19 + a = -5*o. Let n = 17 + o. List the prime factors of n.
2, 3
Suppose -m - 9 = -4*m. Suppose m*h = -h + 12. List the prime factors of h + (2 + -1 - -4).
2
Let v be (-2)/(1 + (-3)/2). Suppose -3*h = v*j - 137, 3*j = j + 2*h + 86. Let z = -25 + j. List the prime factors of z.
13
Let u = -5 + 12. Let b = 7 + u. List the prime factors of b.
2, 7
Suppose 0*i = -4*i. Let y = i + 0. Suppose j + 32 = 5*h - 0*j, j - 3 = y. List the prime factors of h.
7
Suppose -4*h + y + 26 = -243, 3*h = 5*y + 223. Let n = h + -16. List the prime factors of n.
2, 5
Let v = 3 - 7. What are the prime factors of (-2 + -1 + 1)*v?
2
What are the prime factors of ((-1062)/(-12))/(3/6)?
3, 59
Suppose -10 = c - 1. Suppose h = 5*h + 64. Let d = c - h. What are the prime factors of d?
7
Suppose -p + 2*u = 0, -8*u = p - 4*u - 30. What are the prime factors of -5*(-2)/(p/3)?
3
Let w(n) = 19 - 8 - n**2 + 0*n**3 + n - n**3. Let c be w(0). Suppose 0 = -2*u + c + 1. What are the prime factors of u?
2, 3
Let p = -51 - -118. List the prime factors of p.
67
Let a = -6 - -119. What are the prime factors of a?
113
Let l(d) = d + 2. Let p be l(2). Suppose -t = t - p. List the prime factors of t.
2
Suppose 3*q - 121 - 329 = 0. List the prime factors of q.
2, 3, 5
Suppose 0*d + 3 = d. Suppose 0*j - d*q - 12 = -2*j, -q = 4*j + 4. Suppose y + 0 - 5 = j. What are the prime factors of y?
5
Suppose 19 = 4